 35*i - 13. Give u(35).
-13
Let z(s) = -s**3 + 10*s**2 - 12*s + 1. Calculate z(4).
49
Let c(n) = -7*n**2 + 54*n + 23. What is c(8)?
7
Let u(o) = 5*o - 14. What is u(6)?
16
Let o(j) = -j**2 + 13*j - 6. Give o(12).
6
Let t(j) = -j**2 + 18*j - 60. Give t(14).
-4
Let l(w) = -9*w - 2. Determine l(-6).
52
Let y(s) = -s**2 + 9*s - 12. What is y(10)?
-22
Let c(o) = -o**3 - 3*o**2 - o - 4. Calculate c(0).
-4
Let b(i) = 34*i + 1186. Determine b(-35).
-4
Let d(i) = 4*i**3 + i**2 - i. Calculate d(2).
34
Let v(t) = t**3 - 17*t + 37. Determine v(-5).
-3
Let y(i) = -i**3 + i**2 + 3*i + 3. Give y(3).
-6
Let g(b) = 27*b + 2. Calculate g(1).
29
Let v(j) = j**3 - 18*j**2 + 15*j + 36. What is v(17)?
2
Let p(j) = 3*j - 33. Give p(13).
6
Let b(h) = -h**2 + 16*h - 39. What is b(14)?
-11
Let y(f) = -f**2 + 19*f - 22. Calculate y(19).
-22
Let g(v) = -v**3 + 20*v**2 + 34*v + 219. What is g(22)?
-1
Let i(w) = -w**2 + 2*w - 1. What is i(7)?
-36
Let r(d) = -d**3 - 3*d**2 - 6*d - 4. Calculate r(-3).
14
Let n(y) = -5*y - 16. Give n(-2).
-6
Let c(s) = -s + 8. Give c(8).
0
Let j(l) = -104*l**3 - l**2 + 5*l + 5. Determine j(-1).
103
Let q(v) = 5*v + 46. Calculate q(-8).
6
Let f(i) = -i**3 + 3*i**2 + 7*i - 6. What is f(5)?
-21
Let f(c) = 12*c + 48. Determine f(-4).
0
Let x(u) = -u**2 + 3*u + 55. Calculate x(-6).
1
Let d(p) = -6*p + 42. Determine d(6).
6
Let m(k) = k**2 + 6*k - 15. Calculate m(0).
-15
Let n(y) = y - 12. What is n(-9)?
-21
Let q(a) = 15*a + 1. Calculate q(-1).
-14
Let y(s) = s**3 - 22*s**2 - 28*s + 99. Give y(23).
-16
Let g(z) = z**2 - 132*z + 260. Give g(2).
0
Let r(g) = -3*g**3 + 4*g + 6. Give r(-2).
22
Let o(a) = -a**3 + 8*a**2 - 8*a - 11. Determine o(6).
13
Let z(l) = -l**2 - 10*l - 15. Give z(-6).
9
Let c(j) = -2*j**2 - 13*j - 3. Give c(-5).
12
Let a(y) = y**2 + 12*y + 2. Determine a(-9).
-25
Let b(z) = z**3 - 11*z**2 - 1. Give b(11).
-1
Let g(n) = -n**2 - 80*n - 442. What is g(-6)?
2
Let f(v) = 10*v. What is f(1)?
10
Let d(v) = -v**2 + 2*v + 2. Determine d(3).
-1
Let u(m) = m**2 + 10*m - 25. Determine u(-12).
-1
Let j(r) = -r**3 + 6*r**2 + 19*r - 8. Determine j(8).
16
Let w(y) = 12*y**2 - 10*y - 1. What is w(1)?
1
Let z(q) = -30*q - 69. What is z(-3)?
21
Let l(u) = -11*u - 109. Calculate l(-10).
1
Let t(s) = 6*s - 12. Determine t(-9).
-66
Let m(z) = z**3 - 8*z**2 + 6*z + 2. Give m(7).
-5
Let b(v) = -v**3 + 20*v**2 - 19*v - 19. Calculate b(19).
-19
Let p(v) = -3*v + 11. Calculate p(3).
2
Let y(z) = -15*z - 207. Calculate y(-14).
3
Let w(n) = -n**3 + 17*n**2 - 62*n - 15. Determine w(11).
29
Let w(k) = -3*k - 7. Calculate w(13).
-46
Let b(z) = -z**3 + 6*z**2 + 3*z + 30. Calculate b(7).
2
Let p(q) = -q + 13. What is p(8)?
5
Let s(a) = -a**2 - 8*a + 8. Determine s(-8).
8
Let w(o) = -o**2 + 3*o + 26. Give w(0).
26
Let o(m) = -m**2 + 17*m - 50. Determine o(6).
16
Let r(j) = 119*j - 1192. Give r(10).
-2
Let g(z) = z**2 - 8. Give g(0).
-8
Let d(u) = -2*u + 52. Give d(0).
52
Let j(u) = 47*u - 1121. Give j(24).
7
Let q(l) = 15*l**2 - 2*l - 2. Give q(-1).
15
Let h(w) = -w**3 - 2*w**2 + 2*w + 4. What is h(3)?
-35
Let p(n) = -n**2 - 18*n - 44. What is p(-16)?
-12
Let r(c) = -c**2 + 10*c - 7. Determine r(9).
2
Let l(x) = -10*x + 132. Calculate l(13).
2
Let h(q) = -q**2 + 12*q - 20. Calculate h(5).
15
Let z(p) = 35*p - 121. What is z(3)?
-16
Let i(d) = 12*d**2 + d + 2. Give i(2).
52
Let x(m) = -m**3 - 6*m**2 + m + 24. Give x(-5).
-6
Let n(z) = z**3 + 11*z**2 + 8*z - 28. Give n(-10).
-8
Let k(x) = x**3 + 5*x**2 - 10*x - 33. Calculate k(-5).
17
Let c(k) = -k**3 - 7*k**2 - 6*k + 7. Calculate c(-6).
7
Let x(r) = -r**2 - 2*r. Determine x(-3).
-3
Let b(o) = 24*o**3 + 2*o**2 + o. Calculate b(-1).
-23
Let o(p) = -p**3 + 3*p**2 - 2*p + 4. What is o(4)?
-20
Let i(f) = 6*f + 60. Determine i(-8).
12
Let q(v) = v**3 + 6*v**2 - v - 5. Give q(-6).
1
Let c(n) = n**3 + 9*n**2 + 12*n + 9. Give c(-8).
-23
Let r(k) = k**2 + 25*k + 122. What is r(-18)?
-4
Let c(o) = -20*o - 2. Calculate c(2).
-42
Let b(a) = -13*a + 2. Calculate b(4).
-50
Let m(k) = k**3 - 19*k**2 - 20*k + 30. Determine m(20).
30
Let c(p) = -p**2 - 18*p - 22. Determine c(-17).
-5
Let f(g) = -g**2 + 7*g + 13. Determine f(10).
-17
Let y(q) = -2*q**2 - 21*q. Determine y(-11).
-11
Let i(d) = d + 11. Determine i(0).
11
Let j(m) = -5*m**2 - 20*m - 12. Determine j(-4).
-12
Let m(w) = -9*w**3 - w**2 + 12*w + 24. Calculate m(-2).
68
Let j(r) = -r**3 - 8*r**2 + 26*r + 22. What is j(-10)?
-38
Let j(a) = a**2 - 8*a - 4. Give j(-5).
61
Let c(w) = -12*w - 324. What is c(-27)?
0
Let l(c) = 5*c**3 + 2*c**2. What is l(-2)?
-32
Let h(z) = z**3 - 4*z**2 - 4*z - 3. Calculate h(-2).
-19
Let m(x) = -17*x. Determine m(-1).
17
Let g(x) = x**2 + 2*x - 111. What is g(10)?
9
Let v(i) = -i**3 - 13*i**2 - 14*i - 17. What is v(-12)?
7
Let a(i) = -4*i**3 - 2*i**2 - i - 3. What is a(-2)?
23
Let t(c) = -2*c**3 - 4*c**2 - c + 3. What is t(-2)?
5
Let s(w) = -w - 13. Give s(-8).
-5
Let u(m) = -m**2 - 25*m + 59. What is u(-27)?
5
Let f(a) = -10*a. Give f(-1).
10
Let g(d) = 3*d + 24. Give g(-3).
15
Let k(z) = -z**2 + 6*z. Give k(0).
0
Let y(t) = t**3 + 6*t**2 + 6*t - 3. Calculate y(-6).
-39
Let k(w) = -70*w - 15. Calculate k(-1).
55
Let m(l) = l**3 - 53*l**2 + 45*l + 367. Determine m(52).
3
Let d(w) = w**3 - 10*w**2 - 9*w + 9. What is d(10)?
-81
Let w(h) = -2*h - 5. Determine w(-5).
5
Let d(h) = h**3 - 2*h**2 - 6*h + 7. Calculate d(3).
-2
Let v(w) = -13*w - 50. What is v(-2)?
-24
Let l(b) = 31*b**2. Calculate l(1).
31
Let v(f) = 10*f**2 - 2*f - 2. Determine v(-1).
10
Let m(l) = 12*l + 2. Give m(-1).
-10
Let l(x) = -4*x**2 - x + 21. Give l(4).
-47
Let l(j) = -j**2 + 12*j - 12. Determine l(9).
15
Let h(o) = o**3 - o**2 + 4*o + 1. Calculate h(0).
1
Let v(u) = -u**2 - 12*u + 24. Determine v(-15).
-21
Let w(k) = k**3 + 11*k**2 - 8*k - 39. What is w(-11)?
49
Let u(a) = -11*a + 22. What is u(4)?
-22
Let g(v) = -8*v + 106. What is g(14)?
-6
Let u(z) = 2*z**2 + 187*z - 486. Determine u(-96).
-6
Let j(w) = -w**2 - 16*w - 27. What is j(-15)?
-12
Let a(k) = 5*k**3 - k**2 + 7*k + 6. Calculate a(-2).
-52
Let w(o) = o**2 + 2*o + 3. What is w(-2)?
3
Let j(f) = -3*f**2 + f + 8. What is j(-3)?
-22
Let t(y) = y**3 + 13*y**2 - 10*y + 67. Give t(-14).
11
Let z(h) = -h**2 + 10*h + 34. Calculate z(15).
-41
Let j(k) = -37*k**3 + 2*k**2 - 8*k + 7. What is j(1)?
-36
Let g(z) = -2*z**2 + 11*z - 8. What is g(4)?
4
Let h(v) = v**3 - v**2 + v - 21. Determine h(0).
-21
Let r(t) = -t**2 + 3*t - 13. Determine r(7).
-41
Let d(s) = s**3 - 8*s**2 - 2*s + 3. Calculate d(8).
-13
Let i(k) = -k**3 + 9*k**2 + 4*k - 15. Give i(9).
21
Let v(k) = k**2 + 16*k - 23. What is v(-18)?
13
Let o(x) = 2*x**2 + 13*x + 27. Determine o(-2).
9
Let p(l) = l**3 + 45*l**2 - 94*l - 5. Calculate p(-47).
-5
Let p(f) = 5*f - 2. What is p(-1)?
-7
Let z(a) = 2*a**2 + 9*a + 9. What is z(-2)?
-1
Let v(d) = -2*d + 3. Determine v(2).
-1
Let u(i) = 17*i + 22. Give u(-3).
-29
Let d(z) = 6*z**2 + 10*z - 4. What is d(-4)?
52
Let y(b) = -9*b + 152. Give y(17).
-1
Let k(j) = -6*j + 8. Give k(1).
2
Let b(l) = -l**2 + 5*l - 7. Determine b(0).
-7
Let y(z) = z - 13. What is y(17)?
4
Let j(a) = 38*a + 253. What is j(-6)?
25
Let g(v) = v**3 - 6*v**2 - 2*v + 13. Calculate g(6).
1
Let o(g) = -5*g - 40. Give o(-9).
5
Let t(r) = 5*r**2 + 2*r + 2. Calculate t(-1).
5
Let z(q) = q**3 + 2*q**2 - q - 4. Determine z(2).
10
Let h(v) = v**2 + 16*v + 5. Determine h(-13).
-34
Let k(m) = -m**3 + 10*m**2 - 5*m + 15. Give k(11).
-161
Let w(m) = -m**3 + 6*m**2 + 3*m + 8. Calculate w(7).
-20
Let v(h) = h**2 - 6*h + 7. Determine v(4).
-1
Let l(b) = -b + 8. Calculate l(8).
0
Let m(n) = 28*n - 472. Calculate m(17).
4
Let c(h) = -h**2 + 19*h - 40. What is c(17)?
-6
Let w(y) = -y**2 - 18*y + 31. Give w(-20).
-9
Let w(d) = -4*d + 1. Determine w(7).
-27
Let o(z) = z**2 - 2*z - 4. What is o(5)?
11
Let r(h) = 3*h**2 + 5. Determine r(0).
5
Let y(f) = -f**3 + 18*f**2 + 20*f - 18. Calculate y(19).
1
Let z(n) = n**2 + 14*n + 36. Calculate z(-7).
-13
Let x(j) = 10*j - 94. Determine x(10).
6
Let s(a) = -a**3 - 50*a**2 - a - 54. Give s(-50).
-4
Let v(c) = -2*c**3 - 37*c**2 - 15*c + 40. Determine v(-18).
-14
Let b(a) = -4*a**2 - 4*a + 1. Calculate b(-2).
-7
Let s(g) = 43*g - 524. Calculate s(12).
-8
Let q(l) = -l**3 + 39*l**2 - 40*l + 50. Determine q(38).
-26
Let a(q) = q**2